{"id":203,"date":"2024-04-09T18:29:39","date_gmt":"2024-04-09T16:29:39","guid":{"rendered":"https:\/\/www.profinetworks.sk\/?page_id=203"},"modified":"2024-04-09T18:37:33","modified_gmt":"2024-04-09T16:37:33","slug":"sprava-serverov","status":"publish","type":"page","link":"https:\/\/www.profinetworks.sk\/index.php\/sprava-serverov\/","title":{"rendered":"Spr\u00e1va serverov"},"content":{"rendered":"\n<figure class=\"wp-block-image size-large is-resized\"><img loading=\"lazy\" decoding=\"async\" width=\"1920\" height=\"1079\" src=\"https:\/\/www.profinetworks.sk\/wp-content\/uploads\/2024\/04\/server-1235959_1920-edited.jpg\" alt=\"\" class=\"wp-image-210\" style=\"width:842px;height:auto\" srcset=\"https:\/\/www.profinetworks.sk\/wp-content\/uploads\/2024\/04\/server-1235959_1920-edited.jpg 1920w, https:\/\/www.profinetworks.sk\/wp-content\/uploads\/2024\/04\/server-1235959_1920-edited-300x169.jpg 300w, https:\/\/www.profinetworks.sk\/wp-content\/uploads\/2024\/04\/server-1235959_1920-edited-1024x575.jpg 1024w, https:\/\/www.profinetworks.sk\/wp-content\/uploads\/2024\/04\/server-1235959_1920-edited-768x432.jpg 768w, https:\/\/www.profinetworks.sk\/wp-content\/uploads\/2024\/04\/server-1235959_1920-edited-1536x863.jpg 1536w, https:\/\/www.profinetworks.sk\/wp-content\/uploads\/2024\/04\/server-1235959_1920-edited-107x60.jpg 107w\" sizes=\"auto, (max-width: 1920px) 100vw, 1920px\" \/><\/figure>\n\n\n\n<p>Sme v\u00e1\u0161 spo\u013eahliv\u00fd partner pre komplexn\u00fa spr\u00e1vu va\u0161ich serverov, \u010do v\u00e1m umo\u017en\u00ed dosiahnu\u0165 maxim\u00e1lnu spo\u013eahlivos\u0165, v\u00fdkon a bezpe\u010dnos\u0165 va\u0161ich IT syst\u00e9mov. S na\u0161\u00edm t\u00edmom sk\u00fasen\u00fdch odborn\u00edkov na spr\u00e1vu serverov m\u00f4\u017eete ma\u0165 istotu, \u017ee va\u0161e kritick\u00e9 podnikov\u00e9 aplik\u00e1cie a \u00fadaje s\u00fa v bezpe\u010dn\u00fdch ruk\u00e1ch.<\/p>\n\n\n\n<p>Na\u0161a slu\u017eba Spr\u00e1va serverov zah\u0155\u0148a:<\/p>\n\n\n\n<ol class=\"wp-block-list\">\n<li><strong>Monitorovanie a \u00fadr\u017eba serverov<\/strong>: Sledujeme v\u00fdkonnos\u0165 a stav va\u0161ich serverov, identifikujeme potenci\u00e1lne probl\u00e9my a vykon\u00e1vame pravideln\u00fa \u00fadr\u017ebu, aby sme minimalizovali riziko v\u00fdpadkov a optimalizovali v\u00fdkon.<\/li>\n\n\n\n<li><strong>Bezpe\u010dnos\u0165 a z\u00e1lohovanie \u00fadajov<\/strong>: Zabezpe\u010dujeme, \u017ee va\u0161e d\u00f4le\u017eit\u00e9 \u00fadaje s\u00fa chr\u00e1nen\u00e9 pred stratou, kr\u00e1de\u017eou alebo po\u0161koden\u00edm pomocou pravideln\u00e9ho z\u00e1lohovania a implement\u00e1cie bezpe\u010dnostn\u00fdch opatren\u00ed.<\/li>\n\n\n\n<li><strong>Aktualiz\u00e1cie a patch management<\/strong>: Zabezpe\u010dujeme, \u017ee va\u0161e serverov\u00e9 syst\u00e9my s\u00fa v\u017edy aktu\u00e1lne a chr\u00e1nen\u00e9 pred zranite\u013enos\u0165ami pomocou pravideln\u00fdch aktualiz\u00e1ci\u00ed a riadenia patchov.<\/li>\n\n\n\n<li><strong>Rie\u0161enie probl\u00e9mov a technick\u00e1 podpora<\/strong>: Na\u0161i odborn\u00edci s\u00fa pripraven\u00ed rie\u0161i\u0165 ak\u00e9ko\u013evek probl\u00e9my s va\u0161imi servermi a poskytn\u00fa\u0165 v\u00e1m r\u00fdchlu a efekt\u00edvnu technick\u00fa podporu, kedyko\u013evek ju budete potrebova\u0165.<\/li>\n\n\n\n<li><strong>Pl\u00e1novanie a \u0161kolenie<\/strong>: Pom\u00e1hame v\u00e1m s pl\u00e1novan\u00edm a rozvojom va\u0161ej serverovej infra\u0161trukt\u00fary a poskytujeme \u0161kolenia a poradenstvo pre va\u0161e IT person\u00e1l, aby sme zabezpe\u010dili, \u017ee m\u00e1te v\u017edy aktu\u00e1lne know-how.<\/li>\n<\/ol>\n\n\n\n<p>Nechajte n\u00e1s zabezpe\u010di\u0165, \u017ee va\u0161e serverov\u00e9 prostredie je v bezpe\u010dn\u00fdch a spo\u013eahliv\u00fdch ruk\u00e1ch, \u010do v\u00e1m umo\u017en\u00ed s\u00fastredi\u0165 sa na rozvoj v\u00e1\u0161ho podnikania. Kontaktujte n\u00e1s e\u0161te dnes a zistite viac o tom, ako m\u00f4\u017eeme pom\u00f4c\u0165 s va\u0161imi servermi!<\/p>\n","protected":false},"excerpt":{"rendered":"<p>Sme v\u00e1\u0161 spo\u013eahliv\u00fd partner pre komplexn\u00fa spr\u00e1vu va\u0161ich serverov, \u010do v\u00e1m umo\u017en\u00ed dosiahnu\u0165 maxim\u00e1lnu spo\u013eahlivos\u0165, v\u00fdkon a bezpe\u010dnos\u0165 va\u0161ich IT syst\u00e9mov. S na\u0161\u00edm t\u00edmom sk\u00fasen\u00fdch odborn\u00edkov na spr\u00e1vu serverov m\u00f4\u017eete ma\u0165 istotu, \u017ee va\u0161e kritick\u00e9 podnikov\u00e9 aplik\u00e1cie a \u00fadaje s\u00fa v bezpe\u010dn\u00fdch ruk\u00e1ch. Na\u0161a slu\u017eba Spr\u00e1va serverov zah\u0155\u0148a: Nechajte n\u00e1s zabezpe\u010di\u0165, \u017ee va\u0161e serverov\u00e9 prostredie &hellip; <\/p>\n","protected":false},"author":1,"featured_media":0,"parent":0,"menu_order":0,"comment_status":"closed","ping_status":"closed","template":"","meta":{"footnotes":""},"class_list":["post-203","page","type-page","status-publish","hentry"],"_links":{"self":[{"href":"https:\/\/www.profinetworks.sk\/index.php\/wp-json\/wp\/v2\/pages\/203","targetHints":{"allow":["GET"]}}],"collection":[{"href":"https:\/\/www.profinetworks.sk\/index.php\/wp-json\/wp\/v2\/pages"}],"about":[{"href":"https:\/\/www.profinetworks.sk\/index.php\/wp-json\/wp\/v2\/types\/page"}],"author":[{"embeddable":true,"href":"https:\/\/www.profinetworks.sk\/index.php\/wp-json\/wp\/v2\/users\/1"}],"replies":[{"embeddable":true,"href":"https:\/\/www.profinetworks.sk\/index.php\/wp-json\/wp\/v2\/comments?post=203"}],"version-history":[{"count":3,"href":"https:\/\/www.profinetworks.sk\/index.php\/wp-json\/wp\/v2\/pages\/203\/revisions"}],"predecessor-version":[{"id":212,"href":"https:\/\/www.profinetworks.sk\/index.php\/wp-json\/wp\/v2\/pages\/203\/revisions\/212"}],"wp:attachment":[{"href":"https:\/\/www.profinetworks.sk\/index.php\/wp-json\/wp\/v2\/media?parent=203"}],"curies":[{"name":"wp","href":"https:\/\/api.w.org\/{rel}","templated":true}]}}