{"id":224,"date":"2024-04-09T18:51:33","date_gmt":"2024-04-09T16:51:33","guid":{"rendered":"https:\/\/www.profinetworks.sk\/?page_id=224"},"modified":"2024-04-09T18:51:34","modified_gmt":"2024-04-09T16:51:34","slug":"kamerove-systemy","status":"publish","type":"page","link":"https:\/\/www.profinetworks.sk\/index.php\/kamerove-systemy\/","title":{"rendered":"Kamerov\u00e9 syst\u00e9my"},"content":{"rendered":"\n<figure class=\"wp-block-image size-large\"><img loading=\"lazy\" decoding=\"async\" width=\"1920\" height=\"1079\" src=\"https:\/\/www.profinetworks.sk\/wp-content\/uploads\/2024\/04\/cctv-surveillance-camera-7267551_1920-edited.jpg\" alt=\"\" class=\"wp-image-225\" srcset=\"https:\/\/www.profinetworks.sk\/wp-content\/uploads\/2024\/04\/cctv-surveillance-camera-7267551_1920-edited.jpg 1920w, https:\/\/www.profinetworks.sk\/wp-content\/uploads\/2024\/04\/cctv-surveillance-camera-7267551_1920-edited-300x169.jpg 300w, https:\/\/www.profinetworks.sk\/wp-content\/uploads\/2024\/04\/cctv-surveillance-camera-7267551_1920-edited-1024x575.jpg 1024w, https:\/\/www.profinetworks.sk\/wp-content\/uploads\/2024\/04\/cctv-surveillance-camera-7267551_1920-edited-768x432.jpg 768w, https:\/\/www.profinetworks.sk\/wp-content\/uploads\/2024\/04\/cctv-surveillance-camera-7267551_1920-edited-1536x863.jpg 1536w, https:\/\/www.profinetworks.sk\/wp-content\/uploads\/2024\/04\/cctv-surveillance-camera-7267551_1920-edited-107x60.jpg 107w\" sizes=\"auto, (max-width: 1920px) 100vw, 1920px\" \/><\/figure>\n\n\n\n<p>Sme v\u00e1\u0161 spo\u013eahliv\u00fd partner pre implement\u00e1ciu modern\u00fdch a efekt\u00edvnych kamerov\u00fdch syst\u00e9mov, ktor\u00e9 pom\u00e1haj\u00fa zabezpe\u010dova\u0165 bezpe\u010dnos\u0165 a monitorovanie va\u0161ich obchodn\u00fdch priestorov, dom\u00e1cnost\u00ed, alebo verejn\u00fdch miest. S na\u0161\u00edm sk\u00fasen\u00fdm t\u00edmom technikov a in\u017einierov sme pripraven\u00ed navrhn\u00fa\u0165 a implementova\u0165 rie\u0161enia, ktor\u00e9 presne vyhovuj\u00fa va\u0161im potreb\u00e1m a po\u017eiadavk\u00e1m.<\/p>\n\n\n\n<p>Na\u0161a slu\u017eba Kamerov\u00e9 syst\u00e9my zah\u0155\u0148a:<\/p>\n\n\n\n<ol class=\"wp-block-list\">\n<li><strong>Pl\u00e1novanie a n\u00e1vrh<\/strong>: Na\u0161i odborn\u00edci pracuj\u00fa s vami na navrhnut\u00ed optim\u00e1lneho kamerov\u00e9ho syst\u00e9mu pre va\u0161e potreby a prostredie. Analyzujeme va\u0161e po\u017eiadavky a vyberieme najlep\u0161ie umiestnenie a typy kamier pre va\u0161u situ\u00e1ciu.<\/li>\n\n\n\n<li><strong>In\u0161tal\u00e1cia a konfigur\u00e1cia<\/strong>: Na\u0161i technici vykonaj\u00fa profesion\u00e1lnu in\u0161tal\u00e1ciu a konfigur\u00e1ciu kamerov\u00fdch syst\u00e9mov, aby ste mohli ma\u0165 istotu, \u017ee v\u0161etko funguje spr\u00e1vne a \u00fa\u010dinne.<\/li>\n\n\n\n<li><strong>Remote monitoring<\/strong>: Mnoh\u00e9 z na\u0161ich kamerov\u00fdch syst\u00e9mov umo\u017e\u0148uj\u00fa vzdialen\u00e9 monitorovanie cez internet, \u010do v\u00e1m umo\u017e\u0148uje sledova\u0165 svoje objekty odkia\u013eko\u013evek a kedyko\u013evek.<\/li>\n\n\n\n<li><strong>Integr\u00e1cia s existuj\u00facimi syst\u00e9mami<\/strong>: Ak m\u00e1te existuj\u00face bezpe\u010dnostn\u00e9 syst\u00e9my alebo in\u00e9 technick\u00e9 rie\u0161enia, sme schopn\u00ed integrova\u0165 kamerov\u00e9 syst\u00e9my s t\u00fdmito syst\u00e9mami pre e\u0161te lep\u0161iu efektivitu a bezpe\u010dnos\u0165.<\/li>\n\n\n\n<li><strong>Servis a \u00fadr\u017eba<\/strong>: Po in\u0161tal\u00e1cii sme tu, aby sme v\u00e1m poskytli podporu, servis a \u00fadr\u017ebu v\u00e1\u0161ho kamerov\u00e9ho syst\u00e9mu, aby ste mohli ma\u0165 istotu, \u017ee je v\u017edy v prev\u00e1dzke.<\/li>\n<\/ol>\n\n\n\n<p>Nez\u00e1le\u017e\u00ed na tom, \u010di potrebujete monitorova\u0165 svoje podnikanie, domov alebo verejn\u00e9 priestranstvo, sme tu, aby sme v\u00e1m pomohli vytvori\u0165 bezpe\u010dn\u00e9 a bezpe\u010dn\u00e9 prostredie. Kontaktujte n\u00e1s e\u0161te dnes a zistite viac o na\u0161ich kamerov\u00fdch syst\u00e9moch a tom, ako v\u00e1m m\u00f4\u017eeme pom\u00f4c\u0165!<\/p>\n","protected":false},"excerpt":{"rendered":"<p>Sme v\u00e1\u0161 spo\u013eahliv\u00fd partner pre implement\u00e1ciu modern\u00fdch a efekt\u00edvnych kamerov\u00fdch syst\u00e9mov, ktor\u00e9 pom\u00e1haj\u00fa zabezpe\u010dova\u0165 bezpe\u010dnos\u0165 a monitorovanie va\u0161ich obchodn\u00fdch priestorov, dom\u00e1cnost\u00ed, alebo verejn\u00fdch miest. S na\u0161\u00edm sk\u00fasen\u00fdm t\u00edmom technikov a in\u017einierov sme pripraven\u00ed navrhn\u00fa\u0165 a implementova\u0165 rie\u0161enia, ktor\u00e9 presne vyhovuj\u00fa va\u0161im potreb\u00e1m a po\u017eiadavk\u00e1m. Na\u0161a slu\u017eba Kamerov\u00e9 syst\u00e9my zah\u0155\u0148a: Nez\u00e1le\u017e\u00ed na tom, \u010di potrebujete monitorova\u0165 &hellip; <\/p>\n","protected":false},"author":1,"featured_media":0,"parent":0,"menu_order":0,"comment_status":"closed","ping_status":"closed","template":"","meta":{"footnotes":""},"class_list":["post-224","page","type-page","status-publish","hentry"],"_links":{"self":[{"href":"https:\/\/www.profinetworks.sk\/index.php\/wp-json\/wp\/v2\/pages\/224","targetHints":{"allow":["GET"]}}],"collection":[{"href":"https:\/\/www.profinetworks.sk\/index.php\/wp-json\/wp\/v2\/pages"}],"about":[{"href":"https:\/\/www.profinetworks.sk\/index.php\/wp-json\/wp\/v2\/types\/page"}],"author":[{"embeddable":true,"href":"https:\/\/www.profinetworks.sk\/index.php\/wp-json\/wp\/v2\/users\/1"}],"replies":[{"embeddable":true,"href":"https:\/\/www.profinetworks.sk\/index.php\/wp-json\/wp\/v2\/comments?post=224"}],"version-history":[{"count":1,"href":"https:\/\/www.profinetworks.sk\/index.php\/wp-json\/wp\/v2\/pages\/224\/revisions"}],"predecessor-version":[{"id":227,"href":"https:\/\/www.profinetworks.sk\/index.php\/wp-json\/wp\/v2\/pages\/224\/revisions\/227"}],"wp:attachment":[{"href":"https:\/\/www.profinetworks.sk\/index.php\/wp-json\/wp\/v2\/media?parent=224"}],"curies":[{"name":"wp","href":"https:\/\/api.w.org\/{rel}","templated":true}]}}